10*w**2 + 9*w + w**y + 0*w. Determine p(9).
-1
Let u(j) = j**3 - 10*j**2 - j + 14. Let m(z) = -z**3 + 3*z**2 + 15*z - 15. Let q be m(5). Determine u(q).
4
Let x(v) = v**2 - 3*v - 2. Suppose -61*z + 66 = 249. Give x(z).
16
Let u(j) = -3 + 2*j + 0 - 3. Let v be 7*1/2*2. Determine u(v).
8
Let w(z) = 3*z - 1. Let d(k) = -33*k + 1. Let g(m) = 17*m. Let y(i) = -4*d(i) - 7*g(i). Let c(f) = -9*w(f) + 2*y(f). Give c(3).
-2
Suppose 4*n - 7 - 2 = -3*y, 0 = -5*n. Let m(h) = 6*h**2 - 5*h - 1 - h**3 - 5*h**y + 2 + 5*h**3. What is m(5)?
1
Let a(j) = -j**2 - 14*j - 4 - 12*j + 35*j - 4*j. Give a(8).
-28
Let z(g) = g**2 + 2*g. Suppose -h + 3*h = 30. Suppose -h = m + 4*m. Calculate z(m).
3
Let m(z) = -10*z**3 + 22*z**2 - 2*z - 25. Let o(a) = -3*a**3 + 7*a**2 - a - 7. Let s(i) = 2*m(i) - 7*o(i). Suppose q = 6*q - 4*u - 28, 5*u + 6 = -q. Give s(q).
-5
Let q(x) = x**3 - 9*x**2 - x - 2. Let k = -527 + 536. Give q(k).
-11
Let x = 20 + -17. Suppose x*z = 3 - 9. Let l(m) = -m**2 + 2*m + 3. Calculate l(z).
-5
Let k(h) = -h**3 + h**2 - h - 1. Let p(s) = 7*s**3 - 3*s**2 + s + 7. Let y(v) = 6*k(v) + p(v). Let j(n) = n - 11. Let t be j(7). Calculate y(t).
5
Let v = 424 - 426. Let t(c) = -3*c**3 - c**2 - 2*c. Determine t(v).
24
Let w(u) = -2*u**3 + u**2 - 1. Let a(c) = 13*c**3 - 15*c**2 + 16*c - 15. Let s(j) = a(j) + 6*w(j). Determine s(7).
-7
Suppose -5*o = k + 5, -3*k + 3*o = k - 3. Let h(a) = -1 + k*a - a + 0 + 3. Determine h(-7).
9
Let r(f) = 2*f - 2. Let q be (147/(-9))/(-7)*-3. Let s(v) = -v**2 - 5*v + 9. Let h be s(q). Determine r(h).
-12
Let d(p) = 3*p - 4. Let q(c) = c - 1. Let a(i) = 4*d(i) - 11*q(i). Suppose -4*x + 0*x + 4 = -y, 5*x = 4*y - 6. Calculate a(y).
-1
Let k be 7/3 + 12/(-36). Let t(d) = -d**2 + 1. Let v(a) = 3*a - 2*a + 5 - a**2 - 4. Let i(f) = t(f) - 2*v(f). Calculate i(k).
-1
Let o(c) be the second derivative of -c**5/20 + c**3/6 - 30*c**2 + 118*c - 2. What is o(0)?
-60
Let v = -684 + 676. Let b(g) = 2*g + 13. What is b(v)?
-3
Let a(h) = 2*h**3 - 3*h**2 + 15*h - 9. Let m(l) = l**3 - 2*l**2 + 7*l - 4. Let t(u) = 3*a(u) - 7*m(u). Give t(3).
7
Let j(c) = 4*c + 12. Let h = 139 + -142. Determine j(h).
0
Suppose 5 + 25 = 2*r. Let w(a) = -4*a**2 + 3*a + 5. Let k be w(-2). Let q = r + k. Let n(d) = -d**3 - 2*d. What is n(q)?
12
Let a(r) = r**3 - 4*r**2 + r + 4. Let z be a(3). Let n = z - -3. Let s(v) be the third derivative of -v**4/24 - v**3/6 - v**2 - 160*v. What is s(n)?
-2
Let b(z) = -2*z + 1. Let d be b(-1). Let f(c) be the first derivative of c**4/4 - 4*c**3/3 + c**2 + c - 208. Calculate f(d).
-2
Let l(c) = 0*c - 2*c + 7*c - 30 + 8*c**3 - 3*c**2 - 9*c**3 + 26. Determine l(-5).
21
Let t be -4 + 11/(33/30). Let o(r) = 4*r + 7. Let v(f) = 3*f + 6. Let l(k) = t*v(k) - 5*o(k). Determine l(-5).
11
Let f(h) = 3*h - 1. Let n(d) = 4*d - 2. Let l(k) = 6*f(k) - 4*n(k). Let y = -1779 - -1772. What is l(y)?
-12
Let b be (-2)/4 + 28/8. Let m(h) = -h**3 + 2*h**2 - 2*h - 4. Let n(u) = u**3 - 3*u**2 + 2*u + 2. Let k(j) = -2*m(j) - 3*n(j). Give k(b).
14
Let d(i) be the first derivative of -i**3/3 + 5*i**2 + 4*i - 59. Determine d(11).
-7
Let l(a) = -a**3 + 75*a - 9*a**2 - 14*a - 17*a - 4 - 10*a - 23*a. Give l(-10).
-14
Let b be 36/84 - 22/(-14). Let s be (-10)/(b/(-1)) + 5/(-5). Let f(n) = n**2 - 8*n + 4. Calculate f(s).
-12
Let x(v) = 0 + 8 - 2 - 115*v + 10 + 117*v. What is x(-8)?
0
Let f(l) = -l**3 - 5*l**2 - 3*l - 1. Let c(m) = -m**2 - 2*m - 1. Let d(b) = -3*c(b) + f(b). Let i = -8 + 5. Determine d(i).
2
Let p(z) = -z**3 - z**2 - 2. Let i be 6/8 - (-6)/(-8). Suppose 2*u - 3*u = i. Calculate p(u).
-2
Let y(h) = -h**3 - 7*h**2 - 6*h - 7. Suppose f = 68 - 74. What is y(f)?
-7
Let a(h) = h**2 + 14*h + 8. Let o be a(-14). Let v be (1 + -2)/((-1)/3). Let u = v - o. Let s(l) = l**3 + 4*l**2 - 6*l + 4. Determine s(u).
9
Let h be (-14 - -13)/(2/(-8)). Suppose 0 = 4*n - i - h*i + 19, 2*n = i - 5. Let q(l) = 2*l**3 + 6*l**3 + l - l**3 + 1 + 3*l**2 - 4*l**2. Determine q(n).
-8
Let f = 2792 + -2807. Let u(c) = 2*c + 37. Give u(f).
7
Let y(s) = 2*s - 528 + 527 - 6*s**3 + s**3. Calculate y(-2).
35
Let p(f) = 53 + 0*f**2 - 4*f + 10*f - f**2 - 46. What is p(6)?
7
Suppose 9*l = 10*l, 6*o + 24 = 5*l. Let m(v) = v**2 - v - 25. What is m(o)?
-5
Let d(y) = -11 - 8834*y - y**2 + 17689*y - 8843*y. Calculate d(8).
21
Let h(k) = 33*k - 107. Let m be h(3). Let y(s) = -s**3 - 9*s**2 - 9*s - 12. Calculate y(m).
-4
Let u be ((-8)/10)/(40/(-100)). Let p(r) = -2*r**2 - 1. Calculate p(u).
-9
Let g(y) = -y**3 + 2*y**2 + 9*y - 4. Let o be g(4). Suppose 5*d = d + 4, o = 2*a - 5*d - 1. Let j(b) = b**3 - 4*b**2 + 4. Determine j(a).
-5
Let s(m) = -m + 5. Suppose 12 = 4*o, 2*w + 26 = 3*o + 5. Give s(w).
11
Let h = -25 - -27. Suppose -h*n + 30 = n. Let m = n + -6. Let z(r) = 2*r**2 - 5*r + 2. Give z(m).
14
Let a = 2611 - 2613. Let q(o) = -6*o**2 + 4*o + 4. Give q(a).
-28
Let k be 1*(-5 + (-8)/(-2)). Let a be (k/(-2))/((-5)/(-60)). Let r(o) = o**3 - 5*o**2 - 7*o + 5. Determine r(a).
-1
Let s(l) = -5*l. Let i(w) be the second derivative of w**3/6 + w**2/2 + 35*w. Let a(b) = 4*i(b) + s(b). Let k = -2 + -3. What is a(k)?
9
Let f(d) = -d - 3. Let h(w) = 2*w + 7. Let z(v) = -5*f(v) - 2*h(v). Let n(l) = 3*l - 4. Let i(r) = n(r) - 2*z(r). Suppose 0*o - 6 = -o. Determine i(o).
0
Let p(d) = -d**2 + 1. Let t(o) be the second derivative of -3*o**4/4 + o**3/6 + o**2 + 29*o. Let y(j) = -2*p(j) + t(j). Calculate y(1).
-6
Let r(u) = u**2 + u - 1. Let s = 7 - 3. Let t(z) = z**3 + 5*z**2 - 7*z - 6. Let a be t(-6). Suppose 0 = -a*i + s*i + 8. Give r(i).
1
Suppose -10*j + 14*j + 3*u - 26 = 0, 2*u = 5*j - 21. Let f(h) = 2*h**2 + 7*h - 3. Let b(p) = 3*p**2 + 13*p - 5. Let l(r) = -3*b(r) + 5*f(r). What is l(j)?
5
Let d(o) = -4*o - 1. Let p(s) = 10*s + 239. Let r be p(-24). Give d(r).
3
Let w(a) be the second derivative of a**2 + 7*a + 0 - 1/3*a**3. Give w(4).
-6
Let y(t) be the third derivative of -2/3*t**3 - 1/6*t**4 + 0*t + 0 - 14*t**2. Give y(-6).
20
Let r be (396/165)/((-3)/20). Let q(o) = -o - 14. Give q(r).
2
Let x(o) = o + 10. Let y(a) = 71 - 60 - 2*a + 3*a. Let u(t) = -3*x(t) + 2*y(t). Give u(-9).
1
Let f(y) = -y + 4. Let h be f(1). Suppose 20 - 8 = h*a. Let m(n) = -n**2 + 2*n - 2. Give m(a).
-10
Let z(y) = -5 - 2*y**2 + 3*y**2 - 6*y - 2. Let s = -27 + 34. Calculate z(s).
0
Let l be 19/(228/(-16))*(-3)/(-1). Let n(x) = 3*x + 1. Give n(l).
-11
Let j(t) = 5 - 2 - 1 - t + 2. Let s = 233 - 239. Calculate j(s).
10
Let z(r) = r**2 + 3*r - 7. Let b be z(-5). Suppose -4 + 12 = 4*n. Let f(j) = 1 - n + 3 - 4 + j. Give f(b).
1
Let z(i) be the second derivative of i**3/6 - 5*i**2/2 + 9*i. Let v(k) = -3*k + 1. Let l be v(-4). Suppose -2*a - 1 = -l. Determine z(a).
1
Suppose 0 = 2*r + 5*i + 20, 5*i + 20 = 3*r - 0*r. Let w(u) be the third derivative of 3*u**2 - 3/2*u**3 + 1/24*u**4 + 0 + 0*u. Calculate w(r).
-9
Let c(a) = a**2 - a - 3. Let k(o) be the first derivative of -o**4/4 + 22*o**3/3 - 23*o**2/2 + 46*o - 16. Let g be k(21). Give c(g).
9
Let o(m) = -96*m + 36. Let h(x) = -19*x + 7. Let j(u) = 21*h(u) - 4*o(u). What is j(2)?
-27
Suppose 0 = -5*t + 3*t - 4. Let s(w) be the second derivative of -w**6/720 - w**5/120 - w**4/12 + w. Let b(d) be the third derivative of s(d). What is b(t)?
1
Let p(h) be the first derivative of h**4/4 - 8*h**3/3 + 7*h**2/2 - 182. Let u be (-2)/3 - 6/(-9). Suppose d = -u*d + 7. What is p(d)?
0
Let j be 4/((96/10)/12). Let q(y) = 9*y - 48. What is q(j)?
-3
Let p(b) = -b**2 + b + 3. Let g(t) = -t. Let w(a) = 3*g(a) - p(a). Let f(s) = 23*s**2 + 27*s + 10. Let i be f(-1). Give w(i).
9
Let t(a) = -2*a**2 - 12*a - 3. Suppose 0 = -6*h + 18 - 54. Let z be t(h). Let r(c) = 2*c - 2. Determine r(z).
-8
Let m(c) = 7*c**3 + 7*c + 8. Let t(w) = 15*w**3 + w**2 + 15*w + 17. Let z = 37 - 31. Let u(v) = z*t(v) - 13*m(v). What is u(6)?
-8
Let r(o) be the second derivative of -o**3/6 - o**2 - o. Let a be r(-3). Let c(k) = 4 - 4 + a - 13*k. Give c(1).
-12
Let q = 39 + -43. Let y(z) = -5*z - 9. Let s(t) = -10*t - 19. Let r(m) = -6*s(m) + 13*y(m). Determine r(q).
17
Let u(p) = -3*p + 14. Suppose o + 44 = -4*c + 5*o, 4*c + 3*o + 37 = 0. Give u(c).
44
Suppose 4*u = -5*x + 56, -37*x - 12 = -41*x + 5*u. Let c(n) = -3*n + 33. Determine c(x).
9
Let b(h) = h**2 + 2*h - 2. Let t be b(-3). Suppose 0 = a + t - 2. Let p(k) = -4*k + 2*k**